{"id":10652,"date":"2012-11-22T00:01:51","date_gmt":"2012-11-21T23:01:51","guid":{"rendered":"http:\/\/wirtschaftlichefreiheit.de\/wordpress\/?page_id=10652"},"modified":"2018-01-15T10:55:11","modified_gmt":"2018-01-15T09:55:11","slug":"achtung-statistik","status":"publish","type":"page","link":"https:\/\/wirtschaftlichefreiheit.de\/wordpress\/?page_id=10652","title":{"rendered":"Achtung: Statistik"},"content":{"rendered":"<p><a href=\"http:\/\/wirtschaftlichefreiheit.de\/wordpress\/?s=Christensen\" target=\"_blank\"><strong>Prof. Dr. Bj\u00f6rn Christensen<\/strong><\/a><br \/>\n<img decoding=\"async\" class=\"alignnone\" src=\"\/wordpress\/bilder\/bchris.jpg\" alt=\"\" height=\"162\" \/><\/p>\n<p>Bj\u00f6rn Christensen ist Gesch\u00e4ftsf\u00fchrer der <a href=\"http:\/\/www.analytix.de\/\">analytix GmbH<\/a> und der <a href=\"http:\/\/www.meteolytix.de\/start\/start.php\">meteolitix GmbH<\/a> und ist Professor f\u00fcr Statistik und Mathematik am Fachbereich Wirtschaft der <a href=\"https:\/\/www.fh-kiel.de\/index.php?id=12857\">Fachhochschule Kiel<\/a>.<\/p>\n<p><a href=\"http:\/\/wirtschaftlichefreiheit.de\/wordpress\/?s=Christensen\" target=\"_blank\"><strong>PD Dr. S\u00f6ren Christensen<\/strong><\/a><br \/>\n<img decoding=\"async\" class=\"alignnone\" src=\"\/wordpress\/bilder\/schris.jpg\" alt=\"\" height=\"162\" \/><\/p>\n<p>S\u00f6ren Christensen ist wissenschaftlicher Mitarbeiter an der G\u00f6teborg Universitet. <a href=\"http:\/\/www.math.uni-hamburg.de\/home\/christensen\/\"><br \/>\n<\/a><\/p>\n<!-- AddThis Advanced Settings generic via filter on the_content --><!-- AddThis Share Buttons generic via filter on the_content --><!-- AddThis Related Posts generic via filter on the_content -->","protected":false},"excerpt":{"rendered":"<p>Prof. Dr. Bj\u00f6rn Christensen Bj\u00f6rn Christensen ist Gesch\u00e4ftsf\u00fchrer der analytix GmbH und der meteolitix GmbH und ist Professor f\u00fcr Statistik und Mathematik am Fachbereich Wirtschaft &hellip; <\/p>\n<p class=\"link-more\"><a href=\"https:\/\/wirtschaftlichefreiheit.de\/wordpress\/?page_id=10652\" class=\"more-link\"><span class=\"screen-reader-text\">\u201eAchtung: Statistik\u201c <\/span>weiterlesen<\/a><\/p>\n<p><!-- AddThis Advanced Settings generic via filter on wp_trim_excerpt --><!-- AddThis Share Buttons generic via filter on wp_trim_excerpt --><!-- AddThis Related Posts generic via filter on wp_trim_excerpt --><\/p>\n","protected":false},"author":96,"featured_media":0,"parent":0,"menu_order":0,"comment_status":"open","ping_status":"open","template":"","meta":{"footnotes":""},"class_list":["post-10652","page","type-page","status-publish","hentry"],"yoast_head":"<!-- This site is optimized with the Yoast SEO plugin v27.2 - https:\/\/yoast.com\/product\/yoast-seo-wordpress\/ -->\n<title>Achtung: Statistik - Wirtschaftliche Freiheit<\/title>\n<meta name=\"robots\" content=\"index, follow, max-snippet:-1, max-image-preview:large, max-video-preview:-1\" \/>\n<link rel=\"canonical\" href=\"https:\/\/wirtschaftlichefreiheit.de\/wordpress\/?page_id=10652\" \/>\n<meta property=\"og:locale\" content=\"de_DE\" \/>\n<meta property=\"og:type\" content=\"article\" \/>\n<meta property=\"og:title\" content=\"Achtung: Statistik - Wirtschaftliche Freiheit\" \/>\n<meta property=\"og:description\" content=\"Prof. Dr. Bj\u00f6rn Christensen Bj\u00f6rn Christensen ist Gesch\u00e4ftsf\u00fchrer der analytix GmbH und der meteolitix GmbH und ist Professor f\u00fcr Statistik und Mathematik am Fachbereich Wirtschaft &hellip; \u201eAchtung: Statistik\u201c weiterlesen\" \/>\n<meta property=\"og:url\" content=\"https:\/\/wirtschaftlichefreiheit.de\/wordpress\/?page_id=10652\" \/>\n<meta property=\"og:site_name\" content=\"Wirtschaftliche Freiheit\" \/>\n<meta property=\"article:modified_time\" content=\"2018-01-15T09:55:11+00:00\" \/>\n<meta name=\"twitter:card\" content=\"summary_large_image\" \/>\n<script type=\"application\/ld+json\" class=\"yoast-schema-graph\">{\"@context\":\"https:\/\/schema.org\",\"@graph\":[{\"@type\":\"WebPage\",\"@id\":\"https:\/\/wirtschaftlichefreiheit.de\/wordpress\/?page_id=10652\",\"url\":\"https:\/\/wirtschaftlichefreiheit.de\/wordpress\/?page_id=10652\",\"name\":\"Achtung: Statistik - Wirtschaftliche Freiheit\",\"isPartOf\":{\"@id\":\"https:\/\/wirtschaftlichefreiheit.de\/wordpress\/#website\"},\"datePublished\":\"2012-11-21T23:01:51+00:00\",\"dateModified\":\"2018-01-15T09:55:11+00:00\",\"breadcrumb\":{\"@id\":\"https:\/\/wirtschaftlichefreiheit.de\/wordpress\/?page_id=10652#breadcrumb\"},\"inLanguage\":\"de\",\"potentialAction\":[{\"@type\":\"ReadAction\",\"target\":[\"https:\/\/wirtschaftlichefreiheit.de\/wordpress\/?page_id=10652\"]}]},{\"@type\":\"BreadcrumbList\",\"@id\":\"https:\/\/wirtschaftlichefreiheit.de\/wordpress\/?page_id=10652#breadcrumb\",\"itemListElement\":[{\"@type\":\"ListItem\",\"position\":1,\"name\":\"Startseite\",\"item\":\"https:\/\/wirtschaftlichefreiheit.de\/wordpress\"},{\"@type\":\"ListItem\",\"position\":2,\"name\":\"Achtung: Statistik\"}]},{\"@type\":\"WebSite\",\"@id\":\"https:\/\/wirtschaftlichefreiheit.de\/wordpress\/#website\",\"url\":\"https:\/\/wirtschaftlichefreiheit.de\/wordpress\/\",\"name\":\"Wirtschaftliche Freiheit\",\"description\":\"Das ordnungspolitische Journal\",\"potentialAction\":[{\"@type\":\"SearchAction\",\"target\":{\"@type\":\"EntryPoint\",\"urlTemplate\":\"https:\/\/wirtschaftlichefreiheit.de\/wordpress\/?s={search_term_string}\"},\"query-input\":{\"@type\":\"PropertyValueSpecification\",\"valueRequired\":true,\"valueName\":\"search_term_string\"}}],\"inLanguage\":\"de\"}]}<\/script>\n<!-- \/ Yoast SEO plugin. -->","yoast_head_json":{"title":"Achtung: Statistik - Wirtschaftliche Freiheit","robots":{"index":"index","follow":"follow","max-snippet":"max-snippet:-1","max-image-preview":"max-image-preview:large","max-video-preview":"max-video-preview:-1"},"canonical":"https:\/\/wirtschaftlichefreiheit.de\/wordpress\/?page_id=10652","og_locale":"de_DE","og_type":"article","og_title":"Achtung: Statistik - Wirtschaftliche Freiheit","og_description":"Prof. Dr. Bj\u00f6rn Christensen Bj\u00f6rn Christensen ist Gesch\u00e4ftsf\u00fchrer der analytix GmbH und der meteolitix GmbH und ist Professor f\u00fcr Statistik und Mathematik am Fachbereich Wirtschaft &hellip; \u201eAchtung: Statistik\u201c weiterlesen","og_url":"https:\/\/wirtschaftlichefreiheit.de\/wordpress\/?page_id=10652","og_site_name":"Wirtschaftliche Freiheit","article_modified_time":"2018-01-15T09:55:11+00:00","twitter_card":"summary_large_image","schema":{"@context":"https:\/\/schema.org","@graph":[{"@type":"WebPage","@id":"https:\/\/wirtschaftlichefreiheit.de\/wordpress\/?page_id=10652","url":"https:\/\/wirtschaftlichefreiheit.de\/wordpress\/?page_id=10652","name":"Achtung: Statistik - Wirtschaftliche Freiheit","isPartOf":{"@id":"https:\/\/wirtschaftlichefreiheit.de\/wordpress\/#website"},"datePublished":"2012-11-21T23:01:51+00:00","dateModified":"2018-01-15T09:55:11+00:00","breadcrumb":{"@id":"https:\/\/wirtschaftlichefreiheit.de\/wordpress\/?page_id=10652#breadcrumb"},"inLanguage":"de","potentialAction":[{"@type":"ReadAction","target":["https:\/\/wirtschaftlichefreiheit.de\/wordpress\/?page_id=10652"]}]},{"@type":"BreadcrumbList","@id":"https:\/\/wirtschaftlichefreiheit.de\/wordpress\/?page_id=10652#breadcrumb","itemListElement":[{"@type":"ListItem","position":1,"name":"Startseite","item":"https:\/\/wirtschaftlichefreiheit.de\/wordpress"},{"@type":"ListItem","position":2,"name":"Achtung: Statistik"}]},{"@type":"WebSite","@id":"https:\/\/wirtschaftlichefreiheit.de\/wordpress\/#website","url":"https:\/\/wirtschaftlichefreiheit.de\/wordpress\/","name":"Wirtschaftliche Freiheit","description":"Das ordnungspolitische Journal","potentialAction":[{"@type":"SearchAction","target":{"@type":"EntryPoint","urlTemplate":"https:\/\/wirtschaftlichefreiheit.de\/wordpress\/?s={search_term_string}"},"query-input":{"@type":"PropertyValueSpecification","valueRequired":true,"valueName":"search_term_string"}}],"inLanguage":"de"}]}},"_links":{"self":[{"href":"https:\/\/wirtschaftlichefreiheit.de\/wordpress\/index.php?rest_route=\/wp\/v2\/pages\/10652","targetHints":{"allow":["GET"]}}],"collection":[{"href":"https:\/\/wirtschaftlichefreiheit.de\/wordpress\/index.php?rest_route=\/wp\/v2\/pages"}],"about":[{"href":"https:\/\/wirtschaftlichefreiheit.de\/wordpress\/index.php?rest_route=\/wp\/v2\/types\/page"}],"author":[{"embeddable":true,"href":"https:\/\/wirtschaftlichefreiheit.de\/wordpress\/index.php?rest_route=\/wp\/v2\/users\/96"}],"replies":[{"embeddable":true,"href":"https:\/\/wirtschaftlichefreiheit.de\/wordpress\/index.php?rest_route=%2Fwp%2Fv2%2Fcomments&post=10652"}],"version-history":[{"count":13,"href":"https:\/\/wirtschaftlichefreiheit.de\/wordpress\/index.php?rest_route=\/wp\/v2\/pages\/10652\/revisions"}],"predecessor-version":[{"id":22069,"href":"https:\/\/wirtschaftlichefreiheit.de\/wordpress\/index.php?rest_route=\/wp\/v2\/pages\/10652\/revisions\/22069"}],"wp:attachment":[{"href":"https:\/\/wirtschaftlichefreiheit.de\/wordpress\/index.php?rest_route=%2Fwp%2Fv2%2Fmedia&parent=10652"}],"curies":[{"name":"wp","href":"https:\/\/api.w.org\/{rel}","templated":true}]}}